s -247 - -6?
-241
In base 11, what is -1426 + -22?
-1448
In base 7, what is -30 + 25601?
25541
In base 16, what is -1 - 15?
-16
In base 9, what is 11381 + 3?
11384
In base 10, what is 43372 + 1?
43373
In base 2, what is 1001101001110 + -10011011?
1001010110011
In base 14, what is 161 - -265?
3c6
In base 9, what is 10212 - 8?
10203
In base 2, what is -1010 + -11100110000101010?
-11100110000110100
In base 2, what is 10000100001111001 + 110?
10000100001111111
In base 11, what is 11946 + 36?
11981
In base 9, what is -116 - -10261?
10144
In base 11, what is 127 - 24a6?
-237a
In base 6, what is -33043 - 1051?
-34134
In base 14, what is -4 - -18c7?
18c3
In base 16, what is -11 - -11ae?
119d
In base 9, what is -122771 - 5?
-122776
In base 16, what is -3eb + -57?
-442
In base 5, what is 2122002 + -2?
2122000
In base 12, what is -1388 + -135?
-1501
In base 11, what is -3 + 37a5a?
37a57
In base 13, what is -4abb - -4?
-4ab7
In base 16, what is -11 + -d155?
-d166
In base 2, what is -1100001000011011 + 1?
-1100001000011010
In base 7, what is -15644264 - -1?
-15644263
In base 7, what is 126606 - -2?
126611
In base 14, what is 1588 + d1?
1679
In base 6, what is -1205305 + -10?
-1205315
In base 2, what is 100 + -10001110100001100?
-10001110100001000
In base 11, what is -99 - -33?
-66
In base 14, what is 4 + -140a4?
-140a0
In base 5, what is 132 + 314034?
314221
In base 4, what is -12 + -2021123?
-2021201
In base 8, what is 114 - -6234?
6350
In base 7, what is -160534 + 1?
-160533
In base 14, what is -1 - 18a84?
-18a85
In base 3, what is 10 + -10000011201?
-10000011121
In base 16, what is 0 - 41da?
-41da
In base 4, what is -21131312 + -23?
-21132001
In base 12, what is -1305 + 19?
-12a8
In base 8, what is 1103701 - 4?
1103675
In base 14, what is 3 + db8a8?
db8ab
In base 14, what is -51 - 8d2?
-943
In base 8, what is -20451 - 333?
-21004
In base 5, what is 24 + 20032203?
20032232
In base 5, what is 0 - -4124340?
4124340
In base 7, what is 512 - 1036?
-224
In base 8, what is -35 - 40771?
-41026
In base 7, what is -301306 + -5?
-301314
In base 4, what is -11023330 + -1111?
-11031101
In base 9, what is 15230 - -10?
15240
In base 8, what is -160 - 3635?
-4015
In base 7, what is -50 - 3421?
-3501
In base 15, what is -15eb2 - 1?
-15eb3
In base 6, what is -401104 - -3?
-401101
In base 8, what is 16 + -161121?
-161103
In base 11, what is 17 - -8797?
8803
In base 7, what is 1603062 + 0?
1603062
In base 14, what is 1 - -2d479?
2d47a
In base 15, what is 30 + 447?
477
In base 9, what is -3270 + 14?
-3255
In base 12, what is -19 + 699a?
6981
In base 6, what is -530 + -55?
-1025
In base 7, what is -152 - 12551?
-13033
In base 2, what is 111000 + -100001001?
-11010001
In base 14, what is -8d7 - 284?
-b7b
In base 11, what is 2 + 2649a?
264a1
In base 4, what is -3033301 + 11?
-3033230
In base 8, what is 7176 + -3?
7173
In base 10, what is -530 - 40?
-570
In base 7, what is -4246 + -6?
-4255
In base 5, what is -10 - 41431?
-41441
In base 2, what is -100 + 1001000110100101101?
1001000110100101001
In base 2, what is -10 - -100101000?
100100110
In base 5, what is 102320 + 0?
102320
In base 3, what is 202220 + 1001121?
1211111
In base 4, what is 310022001 + -10?
310021331
In base 8, what is 622672 - -4?
622676
In base 3, what is -1010220000 + 11?
-1010212212
In base 9, what is -173 - -245?
62
In base 12, what is -1 + -41761?
-41762
In base 10, what is 43 - -16631?
16674
In base 16, what is 75 + -8?
6d
In base 12, what is a - -9872?
9880
In base 2, what is -101 - -110111100111?
110111100010
In base 11, what is 95 + -1024a?
-10165
In base 11, what is 1918 + 15?
1932
In base 14, what is 10 - -10c1?
10d1
In base 16, what is -a1c + 2c?
-9f0
In base 3, what is 102 - 100210002?
-100202200
In base 14, what is 14 - -535?
549
In base 12, what is -560 + -2b?
-58b
In base 16, what is -4fee7 + -2?
-4fee9
In base 9, what is -2144 - -100?
-2044
In base 14, what is 4 + 6d390?
6d394
In base 10, what is 88236 + -3?
88233
In base 16, what is -5e7d - 4?
-5e81
In base 9, what is -101 + 44?
-46
In base 3, what is -100110100 - -1?
-100110022
In base 3, what is 11102010 + 1220221?
20100001
In base 16, what is -66a - 4a?
-6b4
In base 2, what is 1001 + 10000100110000001?
10000100110001010
In base 16, what is -ab2 - e?
-ac0
In base 14, what is -1277d + -1?
-12780
In base 5, what is 43 - 4020240?
-4020142
In base 16, what is 209dd + 2?
209df
In base 7, what is 36544 + -1?
36543
In base 9, what is -87 - -375?
277
In base 2, what is 100000 - -11101100101110111?
11101100110010111
In base 10, what is 51 + 600?
651
In base 4, what is 311 + 1222222?
1223133
In base 3, what is 2222122 - -1110?
10001002
In base 15, what is 4de - 36?
4a8
In base 15, what is 0 - -12976?
12976
In base 3, what is -1010 + 2200011?
2122001
In base 14, what is 11ab2 + 0?
11ab2
In base 4, what is -3230321 - 10?
-3230331
In base 9, what is -21354 - -6?
-21347
In base 13, what is -7152 - 1?
-7153
In base 16, what is da5 + -5d?
d48
In base 7, what is -6360 + 30?
-6330
In base 3, what is -2021212101 + 11?
-2021212020
In base 6, what is -2 + 5034445?
5034443
In base 15, what is -2b53 + 5?
-2b4d
In base 10, what is -27894 + 118?
-27776
In base 14, what is 2 - -1b74d?
1b751
In base 12, what is a70b + -3a?
a691
In base 6, what is -2015 + 55?
-1520
In base 9, what is 570880 - 4?
570875
In base 15, what is -2 - -265e7?
265e5
In base 13, what is -1 - 6474?
-6475
In base 11, what is -97 - 1105?
-11a1
In base 7, what is 15 + 32146?
32164
In base 2, what is -100111 - 11000011000?
-11000111111
In base 5, what is -12041421 + -10?
-12041431
In base 6, what is -3 - -32314011?
32314004
In base 8, what is 1 - 30127?
-30126
In base 3, what is -110221200 - -10?
-110221120
In base 11, what is 9780 + 18?
9798
In base 6, what is -3502 - -5420?
1514
In base 8, what is 7437 - -65?
7524
In base 11, what is -196 - -486?
2a0
In base 13, what is -19a81 - 3?
-19a84
In base 8, what is 1 - 22523?
-22522
In base 7, what is 2 - 364244?
-364242
In base 13, what is -2 + 6abb?
6ab9
In base 13, what is -1a73 + 480?
-15c3
In base 15, what is -3362 - e?
-3371
In base 8, what is 1701 + -45?
1634
In base 3, what is -1020012202 + 1?
-1020012201
In base 14, what is -a4 - 15a7?
-166b
In base 5, what is 241 - 30401?
-30110
In base 11, what is -7 + -a524?
-a530
In base 11, what is 39a + 27?
416
In base 7, what is 104 - 425135?
-425031
In base 11, what is -125 - -105?
-20
In base 7, what is -1452 + 3063?
1311
In base 16, what is 7f - -d6?
155
In base 12, what is -48 - 84ba?
-8546
In base 6, what is -20552 - -4?
-20544
In base 12, what is -1849 + 0?
-1849
In base 14, what is -1452 + -353?
-17a5
In base 11, what is -2 - -6406?
6404
In base 8, what is 11 - 6452?
-6441
In base 7, what is -320133 - 1?
-320134
In base 8, what is -143 + 202?
37
In base 6, what is -445 + 14431?
13542
In base 3, what is 1112 + -2200111?
-2121222
In base 9, what is -243 - -1463?
1220
In base 3, what is 12210 - 11201002?
-11111022
In base 4, what is 10 + -10300111?
-10300101
In base 15, what is 1b + 375b?
3777
In base 14, what is -12 + -29?
-3b
In base 2, what is 1100111000 - 1101000?
1011010000
In base 7, what is 1003043 + -5?
1003035
In base 9, what is 4 - 1181678?
-1181674
In base 9, what is 7 - 452?
-444
In base 12, what is a5 - 3910?
-3827
In base 3, what is 2000011 - 210?
1222101
In base 12, what is b100 + 12?
b112
In base 8, what is -2 + 2756123?
2756121
In base 12, what is -99 - 1068a?
-10767
In base 7, what is -201 + 2210?
2006
In base 10, what is -2022 - -3200?
1178
In base 13, what is 99b6b - 2?
99b69
In base 11, what is -2262 + 47?
-2216
In base 3, what is -10020 - -10021110?
10011020
In base 12, what is 62 - -37a0?
3842
In base 6, what is -11 + -13554?
-14005
In base 3, what is 1100211011111 - -11?
1100211011122
In base 8, what is -1000 - -204?
-574
In base 13, what is 2753c - 1?
2753b
In base 4, what is -2 + -1002322222?
-1002322230
In base 10, what is 50 + -20485?
-20435
In base 9, what is 28762 - 10?
28752
In base 6, what is -1035442 - -3?
-1035435
In base 3, what is 1 - -2222101200?
2222101201
In base 13, what is -661 + 10?
-651
In base 4, what is 22 - 313230?
-313202
In base 7, what is -13 + 4366?
4353
In base 14, what is -607 - 1?
-608
In base 5, what is 200010011 + -2?
200010004
In base 15, wha